 and 192?
64
Suppose 4*x + 18 = 5*p, -6*p + 2*p - 3*x = -33. Suppose p*v - 1167 = -27. Let y be 1/(-2) + 39/2. What is the highest common divisor of y and v?
19
Let m be (-420)/91*(-598)/69. Calculate the highest common factor of 5480 and m.
40
Let s be (-2 - (-7 - 2)) + -4. Suppose 9*w - 144 = s*w. What is the highest common divisor of 56 and w?
8
Let n be (1325*(21 - 26))/(-1). What is the highest common factor of 371 and n?
53
Let r = 59 + 94. Suppose 4*v + 280 = 2*g, -3*g = -v - 2*g - 72. Let p = v - -119. Calculate the greatest common factor of r and p.
51
Let l be ((-38)/(-8))/(2/(-168)*-3). Suppose l = 5*o + 8. Calculate the greatest common divisor of o and 25.
25
Suppose -9 = -8*q + 23. Let p be 3 - (2 + -2*6/q). Suppose 0 = d + p*b - 23, -b - 3 = -4*b. Calculate the highest common divisor of 209 and d.
19
Let b = -39 + 16. Let j = 1 - b. Let n(k) = -2*k + 2. Let x be n(-2). Calculate the greatest common factor of j and x.
6
Suppose 0 = -3*b + 1 + 11. Suppose t - i = 2, -b*i + 2 = -3*t + t. Let c = -7862 + 7887. What is the highest common factor of c and t?
5
Suppose -4*h - 5*i + 17 = 0, -5*h + 4*i = -39 - 13. Suppose 3*z - 132 = -5*a, 0 = -4*a + 7*a - 3*z - 60. Calculate the greatest common factor of h and a.
8
Let m be (((-644)/(-98))/(90/32865))/((-2)/(-6)). Calculate the highest common factor of m and 1252.
313
Suppose -3*j = 2*x - 4, 6*j - 3*j + 5*x = 1. Let r be (0 - 17)*14/(j + -4). What is the greatest common divisor of 68 and r?
17
Let w be ((-27)/36)/((-2)/32). Let t be ((-36)/7)/(w/(-952)). What is the greatest common factor of t and 24?
24
Let m = 64 + -20. Let i(g) = -g**3 - 5*g**2 + g + 7. Let n be i(3). Let l = n - -172. Calculate the highest common divisor of l and m.
22
Let l(r) = -6*r**3 - 5*r**2 + 8*r + 44. Let d be l(-6). Calculate the greatest common factor of 152 and d.
8
Let s = 41 + -31. Let a = s - 5. Suppose -5*l = -2*u - 352, 3*l - a*u = l + 124. Calculate the highest common divisor of l and 48.
24
Let m(w) be the second derivative of 4*w**3/3 + 15*w**2/2 - 18*w. Let x be m(-15). Let k = x - -137. Calculate the greatest common divisor of k and 40.
8
Let r(t) = 10*t**2 + 10*t + 18. Let g be 28/6 + (-4)/(-12). Let q be r(g). Calculate the highest common divisor of 6 and q.
6
Let q be ((-137)/(-2) + -1)*(-176)/(-55). What is the highest common divisor of q and 1485?
27
Suppose 2*k = 9*k + 70. Let x(m) = m**3 + 10*m**2 + 2*m + 23. Let l be x(k). Suppose c + l - 23 = 0. Calculate the highest common factor of 60 and c.
20
Let a be 762 + (-9)/((-6)/2). Suppose -37 = -2*u - a. Let y = u + 732. What is the highest common factor of y and 46?
46
Suppose -17 = -c - 12, 2*l + 5*c = 29. Suppose 36 = 5*o + j, -5*j - 12 = -o + 2*o. What is the highest common divisor of l and o?
2
Let s(q) = -69*q + 3011. Let g be s(43). Calculate the greatest common factor of 6292 and g.
44
Let d be (-9408)/36*(-2)/(-7)*(-1 - 2). Calculate the greatest common divisor of 889 and d.
7
Let x(c) = -4*c**3 + 6*c**2 + 6*c - 5. Let o be x(-5). Let i(j) = j**2 - 62*j - 9199. Let t be i(132). What is the highest common divisor of t and o?
41
Let o be ((-616)/(-70))/(23/((-255300)/(-8))). What is the greatest common divisor of o and 220?
110
Let f(t) = 28*t. Let z be f(1). Suppose 0*j = -9*j + 8*j. Suppose -c = c + 4, 3*w - 5*c - 31 = j. Calculate the greatest common divisor of z and w.
7
Let s(w) be the third derivative of 5*w**4/12 + 19*w**3/6 - 244*w**2. Let f be s(8). Calculate the highest common divisor of 143 and f.
11
Let l(v) = v**3 - v**2 + 3*v - 3. Let j be l(1). Let a = 37 - 22. Let r = a - j. Calculate the greatest common divisor of 3 and r.
3
Let h = -4268 + 4352. Suppose m - 24 = 5*r - r, -5*m - 3*r + 51 = 0. Calculate the greatest common divisor of m and h.
12
Suppose -3*k = -161 + 8. Let n = k - 42. Suppose -3*c = -m + 5*m - 123, 4*c + 4*m - 168 = 0. Calculate the greatest common factor of n and c.
9
Suppose 2*b - 93 - 111 = -2*k, 4*k - b = 423. Calculate the highest common divisor of 60 and k.
15
Let p(r) = 893*r - 116. Let g be p(4). Suppose 0 = 22*w - g - 1120. Calculate the highest common factor of w and 52.
52
Suppose 5*m - 3*m - 2 = 0. Suppose 0 = 4*u - 2*u + 20. Let b = -6 - u. Calculate the greatest common factor of m and b.
1
Let x(d) = 319*d**3 + 3*d**2 + 4*d + 1. Let n be x(-1). Let o = 321 + n. Let t be 20*(-1)/2*-1. Calculate the highest common divisor of o and t.
2
Suppose -4*j = -5*b - 734, 1573*b = 5*j + 1571*b - 892. What is the greatest common factor of 1808 and j?
16
Let z = -4496 + 5918. What is the greatest common divisor of 54 and z?
18
Suppose -2*i = -61 - 11. Let m be (i/30)/(6/20). Let z(d) = -9*d + 348. Let t be z(38). Calculate the highest common divisor of m and t.
2
Suppose -16*q = -14*q - 5*f - 290, -6*f - 152 = -q. Suppose -17*b + 5*b + 1008 = 0. What is the greatest common divisor of b and q?
28
Suppose 2*t + 10*y - 12*y - 100 = 0, 3*y - 180 = -3*t. Calculate the highest common factor of 2365 and t.
55
Let h be (6874/491)/(1/4). What is the greatest common factor of 5894 and h?
14
Let y(r) = r**2 - 20*r - 66. Let k be y(23). Suppose -8*v + 9*v - 122 = -z, -k*v = 2*z - 245. What is the highest common divisor of z and 11?
11
Suppose -5*x - 6559 = -5*n + 881, 2*x = -4*n + 5928. What is the highest common divisor of 106 and n?
106
Suppose -2045*m + 106 = -2043*m. Calculate the greatest common factor of 2 and m.
1
Suppose 3*l + 1 - 163 = 0. Let o = l - 45. Suppose o*t - 112 = t. What is the greatest common factor of 126 and t?
14
Let r(b) = 63*b - 2309. Let f be r(37). Suppose 4*s - 32 = -5*k, -5*k + 4*s = -2*k. Suppose n + k*n - 550 = 0. Calculate the greatest common divisor of f and n.
22
Let a be (-2)/7 + (-282)/(-7). Let d(l) = 48*l + 552. Let k be d(-9). Calculate the highest common factor of k and a.
40
Let l = -874 + 890. Let f be -4*(-14)/10*5. Let z = f - 16. Calculate the greatest common factor of l and z.
4
Suppose -56 = -8*l + 7*l. Let d be 2 + 16 - (17 - 11). Suppose -2*f + d = t, 5*t - 75 - 7 = f. Calculate the highest common divisor of t and l.
8
Let g(z) = -z**3 - 29*z**2 - 17*z + 20. Let q = 485 + -515. Let k be g(q). Calculate the greatest common divisor of k and 55.
55
Let u = -129 + 260. Let f = -75 + u. Let l be (-21)/(0 + (-6)/40). Calculate the highest common divisor of f and l.
28
Let c be (2970/(-12))/15*(20 - 2). Let t = c - -332. Calculate the highest common factor of 560 and t.
35
Suppose 3*p - 46 - 89 = 0. Suppose 0 = -m + 1 - p. Let w = m - -144. Calculate the highest common divisor of 40 and w.
20
Suppose -590*y = -505*y - 1190. What is the highest common divisor of 15400 and y?
14
Suppose -5*n + 6 = -2*u - 1, 2*n = -4*u - 2. Suppose -2*t + 8 = 0, -5*w - 13*t + 18*t = -20. What is the highest common divisor of n and w?
1
Let l be -616*(-9 + (-8 - -9)). Calculate the highest common divisor of l and 77.
77
Let s = -186 - -187. Suppose d - 15 = -b + s, -d - 4 = 0. What is the greatest common divisor of 200 and b?
20
Let w be (0 + (-2)/(-4))*(285 + 131). What is the greatest common divisor of w and 468?
52
Let x = -97 + 204. Suppose 101 - x = -6*b. Calculate the greatest common divisor of b and 11.
1
Let f be 25 + 1890/81 + 14/(-6) + 0. What is the greatest common factor of f and 18308?
46
Let g be -11 - 14665/21 - (-2)/(-3). Let a = g - -721. Let l(u) = -21*u**3 + u**2 - 2*u. Let f be l(-2). What is the highest common factor of a and f?
11
Suppose 8*j - 4*a = 272 - 112, -3*j + 3*a = -63. Calculate the highest common factor of j and 817.
19
Let r be (24/(-28))/(-1)*28. Let n = 37 - r. Let m = n + -11. What is the highest common factor of m and 16?
2
Let u be ((-1)/2*-14)/(-1). Let d = 59 + u. Let o be -2*(3 - 1) + (49 - 19). Calculate the highest common factor of d and o.
26
Let g(o) = -o**3 + 59*o**2 + 468*o - 51. Let u be g(66). Calculate the highest common factor of u and 2645.
115
Let p = -2498 + 2802. Calculate the greatest common divisor of p and 200.
8
Let n(h) = h**3 - 310*h**2 + 2125*h + 20. Let g be n(7). What is the highest common factor of 2224 and g?
16
Let n(b) be the third derivative of 13*b**4/12 - b**3/6 + 10*b**2 - 2*b. Let q be n(2). What is the highest common divisor of q and 3?
3
Let z = 71 + -38. Suppose -1260 = -z*p + 15*p. Calculate the greatest common d